actors of j?
2, 3, 7
Let t be 2 + (-1 - 2) + 3. Suppose i - 4*z - 26 = 0, -2*i = -0*i - t*z - 76. Suppose s = 4*s - i. What are the prime factors of s?
2, 7
Suppose -23*r - 11350 = -73*r. What are the prime factors of r?
227
Suppose 19*a = 11*a + 3144. List the prime factors of a.
3, 131
Let d(g) = 9*g**2 - 19*g + 43. What are the prime factors of d(-14)?
3, 691
Let k be (1 - 11)*1/(-2). Suppose 10*s - 14*s + 2*x = -24, 3*s + 3*x = 18. What are the prime factors of (-280)/(-16)*s/k?
3, 7
Let w(k) = -102*k**3 - k - 1. Let q(c) = -c**2 - 12*c + 12. Let r be q(-13). List the prime factors of w(r).
2, 3, 17
Let c(v) = v**3 + 22*v**2 + 35*v + 4. What are the prime factors of c(-14)?
2, 541
Let a be ((-8)/6)/((-2)/3). Suppose a*p + 3*p = 10. Suppose -p*k = 2*j - 90, -4*k - 4*j + 5*j = -160. List the prime factors of k.
41
Suppose 0 = -4*c - 20, -4*d - 3*c = 2*c + 25. Suppose 4*r - 14 = 3*b, -2*b + 3*r - 1 - 8 = d. Let f = 0 - b. List the prime factors of f.
2, 3
Let h(c) = 7*c - c - 2*c + 12*c**2 - 8*c**2 - 8. What are the prime factors of h(-5)?
2, 3
Suppose -5803 + 35 = -14*b. List the prime factors of b.
2, 103
Suppose -8*p = 3*w - 24695, 0 = -p - 0*w + w + 3080. What are the prime factors of p?
5, 617
Suppose -21*a - 12 = -24*a. Suppose -4*s + 5 - 4 = -5*x, -a*x - 3 = -s. List the prime factors of ((-3)/3)/(x/12).
2, 3
Suppose 2*v = -2*o + v - 54, -2*v = o + 33. Let c = o - -31. What are the prime factors of c?
2, 3
Let d(n) = 2*n**3 + 25*n**2 - 2*n - 7. What are the prime factors of d(-7)?
2, 3, 7, 13
Let p(o) = -91*o + 476. What are the prime factors of p(-9)?
5, 7, 37
Suppose 15*c - 24122 = 9688. What are the prime factors of c?
2, 7, 23
Let r = -2 - -28. Let f = 14 + r. List the prime factors of f.
2, 5
Let y be (246/(-12))/(147/(-72) + 2). Suppose -6*i + 1182 + y = 0. List the prime factors of i.
3, 31
Suppose 5*c - 4*c = -5*r + 28, 14 = 4*r + 5*c. Let f(y) be the first derivative of -y**3/3 + 9*y**2/2 + 40. What are the prime factors of f(r)?
2, 3
Suppose o + 9 = -5*x + 51, 5*o = 4*x - 51. Let p be -6*57/x*-1. Let k = 62 - p. What are the prime factors of k?
2, 3
Suppose 3*b = -6*b + 4194. Let c = -297 + b. What are the prime factors of c?
13
Let g = 3404 - 656. List the prime factors of g.
2, 3, 229
Let r = 3623 + -1621. List the prime factors of r.
2, 7, 11, 13
Suppose 28*q = 32*q - 3948. Suppose 7*j - q - 56 = 0. List the prime factors of j.
149
Let t be -2 + 1 + -4 + -4. Let x(j) = j**2 + 7*j - 4. Let r be x(t). What are the prime factors of 34/r + (-27)/63?
2
Let b(r) = -6*r**3 + 10*r - 19. List the prime factors of b(-8).
3, 991
Let v = 2647 + -1651. What are the prime factors of v?
2, 3, 83
Suppose -954*g = -935*g - 1349. What are the prime factors of g?
71
Let c = 162 + 206. Suppose -286 = -6*u + c. List the prime factors of u.
109
Let v = 1744 - 1342. List the prime factors of v.
2, 3, 67
Let n be 66/4*(-16)/(-24). Suppose 0 = -4*j + n - 51. Let l = j - -29. List the prime factors of l.
19
Let l(n) = 79*n**2 + n - 8. What are the prime factors of l(2)?
2, 5, 31
List the prime factors of (-9532)/(-8) + (-48)/32.
2, 5, 7, 17
Let y(s) = 11*s**2 + 54*s + 23. Let b(n) = 7*n**2 + 36*n + 15. Let z(q) = -8*b(q) + 5*y(q). What are the prime factors of z(-13)?
2, 3, 5
Let s(m) = 2*m**2 - 38*m - 376. What are the prime factors of s(-39)?
2, 17, 61
Suppose -4*i = -3*t - 276 + 1561, 0 = -4*i - 16. What are the prime factors of t?
3, 47
Let t(z) = -z**3 - 16*z**2 + z + 19. Let l be t(-16). Suppose 3*s - 24 = -l*s. Suppose 24 = -a + s*a. What are the prime factors of a?
2
Let z(r) = 2*r - 13. Let j be z(11). Let b(q) = -q**2 + 8*q + 9. Let a be b(j). Suppose 5*d + 12 - 22 = a. List the prime factors of d.
2
Suppose 5*u = 4*u + 5, 5*f = 5*u + 19215. What are the prime factors of f?
2, 13, 37
Suppose 5*y = -5, 0*z + y = -3*z + 5. Suppose -2*d + 4 = z*d. Suppose 156 = 4*a - 3*q + 27, -d = -q. List the prime factors of a.
3, 11
Let d(z) be the first derivative of z**2 - 12*z + 6. Let p be d(7). Suppose 0 = -3*a - 2*w - p*w + 84, a - w = 21. What are the prime factors of a?
2, 3
Let l(o) = -2*o - 1. Let j be l(7). List the prime factors of 4/6 + (-500)/j.
2, 17
Suppose 96 = -2*t - 5*f, 0 = 2*t - t - 4*f + 48. Suppose -2*i + 6*i = 308. Let r = t + i. List the prime factors of r.
29
Suppose 2*h = -4*t + 22, 0 = h - 4*h - 2*t + 21. What are the prime factors of 116 - (h + -5) - 5?
3, 37
Let t = -1 + 5. Let k(p) = -11*p**2 + 2*p + 1. Let m(i) = -9*i**2 + i + 1. Let w(v) = 4*k(v) - 5*m(v). List the prime factors of w(t).
3
Let a(l) = l**2 + 7*l + 2. Let x be a(-7). Let z be (3/x)/(6/20). Suppose z*r - 141 = -31. List the prime factors of r.
2, 11
Let v(z) = -z**2 + 13*z + 12. Let y(o) = o**2 - 13*o - 12. Let s(t) = 4*v(t) + 3*y(t). Let q be s(11). Let w = q + 8. What are the prime factors of w?
2, 3, 7
Let h be (-2)/7 + (1 - (-3676)/28). Let m = 252 - h. List the prime factors of m.
2, 3, 5
Suppose 11*c = -91 + 2148. List the prime factors of c.
11, 17
Let f be 1/(-4) - (-39)/(-4). Let s = 67 + f. Suppose -3*m - s = -7*m - 3*d, 2*m - 27 = -d. List the prime factors of m.
2, 3
Let p(x) be the third derivative of 2*x**4/3 - x**3/6 - 20*x**2. List the prime factors of p(8).
127
Suppose 17*k - 16*k = 117. What are the prime factors of (-4 + -2)*k/(-27)?
2, 13
Let o(t) = 13*t + 82. Let k be o(26). Suppose -2*y = -2*q - k, 0 = -4*y - 2*q + 539 + 271. List the prime factors of y.
5, 41
What are the prime factors of (-5653 + 3)/(-5) - (4 - -2)?
2, 281
Let b = -31 - -73. Suppose 10*p - 3*p - b = 0. What are the prime factors of p?
2, 3
Let k = 4 - -5. Let n be 7 - (-492)/20 - (-3)/(-5). Suppose n = k*w - 8*w. What are the prime factors of w?
31
Suppose 53*z - 65142 = 32*z. What are the prime factors of z?
2, 3, 11, 47
Let m(p) = -196*p - 109. List the prime factors of m(-5).
13, 67
Let x = -3400 + 6638. List the prime factors of x.
2, 1619
Let p = 340 - 196. Let z = -78 + p. What are the prime factors of z?
2, 3, 11
Let p = 331 - 100. Let h = -52 + p. List the prime factors of h.
179
Suppose -11*m + 15041 = 2*m. What are the prime factors of m?
13, 89
List the prime factors of -2 + 11577/27 + 44/198.
7, 61
Suppose -4*i = -w - 3*w - 20, 3*w + 39 = -3*i. Let u(f) = -16*f - 26. List the prime factors of u(w).
2, 59
Let f(j) = -j**3 - 2*j**2 + 5*j + 5. Suppose 5*s - 16 = 3*d - 40, -3*s + 2*d - 14 = 0. List the prime factors of f(s).
7, 17
Suppose -6*c + c - 2*p = -482, 5*c = -3*p + 478. Let k be 3/(-4) - (-30)/8. Suppose k*g - c = g. What are the prime factors of g?
7
List the prime factors of ((-1)/1)/((-32)/109152).
3, 379
Let z = 27 + -22. Suppose 102 = z*i - 198. What are the prime factors of i?
2, 3, 5
Suppose -541 + 157 = -3*o. Let y = o - 80. List the prime factors of y.
2, 3
Let d(n) = -63*n. What are the prime factors of d(-11)?
3, 7, 11
Let j(l) = -l - 1. Let u be (2 - 1)*(-13 + 10). Let n be j(u). Let t(s) = 8*s**2 - s. What are the prime factors of t(n)?
2, 3, 5
Suppose -7*r - 96 = 5*r. What are the prime factors of -1*(-2)/(7/((-3332)/r))?
7, 17
Let c(t) = -8*t**2 + 1 + t - 2*t + t. Let r be c(1). Let o(a) = -7*a + 4. List the prime factors of o(r).
53
Suppose 2*l = -2*l - 4. Let a(r) = -2*r**2. Let d be a(l). List the prime factors of ((-660)/(-18))/(d/(-3)).
5, 11
Let j = 4148 + -1532. List the prime factors of j.
2, 3, 109
Suppose -54 = 13*o - 19*o. Suppose 70 = o*r - 7*r. List the prime factors of r.
5, 7
Suppose m = -5*w - 11, 0 = -2*m - 0*w - w + 5. Suppose m*y - 2*y = 38. List the prime factors of y.
19
Let h(a) = 102*a + 1. Suppose -9*i = -5*i - 2*o + 2, -3*i = -2*o + 3. What are the prime factors of h(i)?
103
Suppose -84 = -2*h - 2*h. Let l = h + -18. Let q(y) = 10*y**2 - 5*y + 4. List the prime factors of q(l).
79
List the prime factors of (-11054)/(-12) - (-8)/(-48) - -2.
13, 71
Let c(i) = -i**3 - 6*i**2 + 7*i. Let a be c(-7). Suppose -16 = 4*r, -3*l + 4 + a = 2*r. Suppose 102 = 4*m - 3*z + 12, 0 = -2*z + l. List the prime factors of m.
2, 3
Let x = 3 + -93. Let j = x + 129. List the prime factors of j.
3, 13
Suppose -2*m - s + 6 = 0, 3*s + 11 = 3*m + 5*s. Let o be 23*(0/m + 1). What are the prime factors of -7 + 4 + o + 0?
2, 5
Let z = -45 + 49. List the prime factors of (3 - -2*(-5 + z))*139.
139
Let m be (-2)/(-2 + (-3)/(-2)). Suppose 4